{"id":242289,"date":"2023-09-05T15:21:10","date_gmt":"2023-09-05T13:21:10","guid":{"rendered":"\/?page_id=242289"},"modified":"2024-04-22T17:08:03","modified_gmt":"2024-04-22T15:08:03","slug":"cessione-crediti-2022-23-2","status":"publish","type":"page","link":"https:\/\/lazio.fifosanita.it\/?page_id=242289","title":{"rendered":"Cessione Crediti 2022-&#8217;23"},"content":{"rendered":"<p>[et_pb_section fb_built=&#8221;1&#8243; next_background_color=&#8221;#f8fbfe&#8221; admin_label=&#8221;Center Aligned Text &#8221; _builder_version=&#8221;4.9.4&#8243; background_color=&#8221;#f8fbfe&#8221; use_background_color_gradient=&#8221;on&#8221; background_color_gradient_start=&#8221;#0f3e6f&#8221; background_color_gradient_end=&#8221;#4e7ec5&#8243; background_color_gradient_direction=&#8221;135deg&#8221; background_image=&#8221;\/wp-content\/uploads\/2021\/01\/geometric-bg-overlay-01.jpg&#8221; background_blend=&#8221;overlay&#8221; custom_padding=&#8221;|0px||0px|false|false&#8221; bottom_divider_style=&#8221;arrow2&#8243; bottom_divider_height=&#8221;40px&#8221; animation_direction=&#8221;bottom&#8221; global_colors_info=&#8221;{}&#8221;][et_pb_row _builder_version=&#8221;3.25&#8243; global_colors_info=&#8221;{}&#8221;][et_pb_column type=&#8221;4_4&#8243; _builder_version=&#8221;3.25&#8243; custom_padding=&#8221;|||&#8221; global_colors_info=&#8221;{}&#8221; custom_padding__hover=&#8221;|||&#8221;][et_pb_text _builder_version=&#8221;4.14.7&#8243; text_font=&#8221;Nunito Sans||||||||&#8221; text_text_color=&#8221;#ffffff&#8221; text_font_size=&#8221;18px&#8221; text_line_height=&#8221;1.8em&#8221; header_font=&#8221;Nunito Sans|700|||||||&#8221; header_font_size=&#8221;50px&#8221; header_line_height=&#8221;1.3em&#8221; header_2_font=&#8221;||||||||&#8221; text_orientation=&#8221;center&#8221; background_layout=&#8221;dark&#8221; max_width=&#8221;700px&#8221; module_alignment=&#8221;center&#8221; hover_enabled=&#8221;0&#8243; locked=&#8221;off&#8221; global_colors_info=&#8221;{}&#8221; admin_label=&#8221;Testo&#8221; sticky_enabled=&#8221;0&#8243;]<\/p>\n<h1>Cessione Crediti 2022-&#8217;23<\/h1>\n<p class=\"p1\">[\/et_pb_text][et_pb_login _builder_version=&#8221;4.14.7&#8243; _module_preset=&#8221;default&#8221; hover_enabled=&#8221;0&#8243; sticky_enabled=&#8221;0&#8243;][\/et_pb_login][\/et_pb_column][\/et_pb_row][\/et_pb_section][et_pb_section fb_built=&#8221;1&#8243; _builder_version=&#8221;3.22&#8243; background_color=&#8221;#f8fbfe&#8221; custom_padding=&#8221;||100px|&#8221; collapsed=&#8221;off&#8221; global_colors_info=&#8221;{}&#8221;][et_pb_row admin_label=&#8221;Right Sided Image&#8221; _builder_version=&#8221;4.9.4&#8243; max_width=&#8221;100%&#8221; custom_padding=&#8221;|0px||0px|false|false&#8221; locked=&#8221;off&#8221; global_colors_info=&#8221;{}&#8221;][et_pb_column type=&#8221;4_4&#8243; _builder_version=&#8221;3.25&#8243; custom_padding=&#8221;|||&#8221; global_colors_info=&#8221;{}&#8221; custom_padding__hover=&#8221;|||&#8221;][et_pb_text _builder_version=&#8221;4.14.7&#8243; text_font=&#8221;Nunito Sans||||||||&#8221; text_text_color=&#8221;#002887&#8243; text_font_size=&#8221;18px&#8221; text_line_height=&#8221;1.8em&#8221; header_font=&#8221;||||||||&#8221; header_text_align=&#8221;left&#8221; header_text_color=&#8221;RGBA(255,255,255,0)&#8221; header_2_font=&#8221;Nunito Sans|700|||||||&#8221; header_2_text_color=&#8221;#003577&#8243; header_2_font_size=&#8221;35px&#8221; header_2_line_height=&#8221;1.3em&#8221; text_orientation=&#8221;justified&#8221; max_width=&#8221;80%&#8221; max_width_tablet=&#8221;80%&#8221; max_width_phone=&#8221;100%&#8221; max_width_last_edited=&#8221;on|phone&#8221; module_alignment=&#8221;center&#8221; custom_padding=&#8221;||0px|||&#8221; hover_enabled=&#8221;0&#8243; global_colors_info=&#8221;{}&#8221; admin_label=&#8221;Testo&#8221; sticky_enabled=&#8221;0&#8243;]<\/p>\n<p class=\"p2\">Roma 20.01.2022 A TUTTE LE IMPRESE ASSOCIATE<\/p>\n<p class=\"p2\"><b>ISTRUZIONI E DOCUMENTAZIONE DA PRODURRE <\/b><\/p>\n<p class=\"p2\"><b>per la sottoscrizione del Mandato con rappresentanza e\/o Procura speciale al presidente di As.F.O. propedeutico alla Cessione pro soluto dei crediti sanitari Lazio 2022-2023. <\/b><\/p>\n<p class=\"p2\">Come per gli anni passati la procedura prevede, alternativamente tra loro, la sottoscrizione da parte delle Imprese di Mandato Collettivo con Rappresentanza presso il Notaio ovvero tramite Procura Speciale registrata presso Notaio di Vs. fiducia su testo predefinito dai legali dell\u2019Associazione.<\/p>\n<p class=\"p2\"><b>IMPORTANTE: <\/b>I form contenenti la documentazione necessaria (testi dei Mandati, delle Procure Speciali, dei verbali di CdA\u2026), attualmente in fase di definizione ad opera dei legali dell\u2019Associazione, una volta predisposti saranno disponibili sul sito www.fifosanita.it nella sezione \u201cCessione Crediti Sanitari\u201d che siete invitati a visitare periodicamente.<\/p>\n<p class=\"p2\">Venendo alla documentazione richiesta per procedere alla sottoscrizione del Mandato\/Procura si raccomanda di leggere ed osservare con attenzione le prescrizioni che seguono:<\/p>\n<p class=\"p1\"><b>POTERI DI FIRMA NECESSARI PER IL MANDATO COLLETTIVO O LA PROCURA SPECIALE <\/b><\/p>\n<p class=\"p1\">Il Mandato Collettivo (ovvero la Procura Speciale sostitutiva del medesimo) dovr\u00e0 essere sottoscritto dai seguenti soggetti:<\/p>\n<p class=\"p1\"><b>1) <\/b>nel caso di impresa costituita nella forma di societ\u00e0 di capitali ovvero societ\u00e0 cooperativa e amministrata da un consiglio di amministrazione;<\/p>\n<p class=\"p1\">da parte del soggetto a ci\u00f2 autorizzato nella delibera del consiglio di amministrazione (ovvero dell\u2019assemblea nell\u2019ipotesi in cui sia l\u2019assemblea competente ai sensi dello statuto sociale), come specificato al successivo paragrafo 4 (iii);<\/p>\n<p class=\"p1\"><b>2) <\/b>nel caso di impresa costituita nella forma di societ\u00e0 di capitali amministrata da un amministratore unico;<\/p>\n<p class=\"p1\">da parte dell\u2019amministratore unico (ovvero dal soggetto a ci\u00f2 autorizzato nella delibera dell\u2019assemblea nell\u2019ipotesi in cui sia l\u2019assemblea competente ai sensi dello statuto sociale);<\/p>\n<p class=\"p1\"><b>3) <\/b>nel caso di impresa individuale:<\/p>\n<p class=\"p1\">da parte del titolare dell\u2019impresa;<\/p>\n<p class=\"p1\"><b>4) <\/b>nel caso di impresa costituita nella forma di societ\u00e0 di persone:<\/p>\n<p class=\"p1\">dal soggetto o dai soggetti che, in base allo statuto dell\u2019impresa, hanno il potere di amministrazione e rappresentanza dell\u2019impresa stessa.<\/p>\n<p class=\"p1\"><b>DOCUMENTAZIONE RICHIESTA PER IL MANDATO COLLETTIVO <\/b><\/p>\n<p class=\"p1\">Ciascun Fornitore al momento della sottoscrizione del Mandato Collettivo porter\u00e0 con s\u00e9 la seguente documentazione<\/p>\n<p class=\"p1\">(i) copia semplice dell\u2019atto costitutivo;<\/p>\n<p class=\"p1\">(ii) copia semplice dello statuto vigente;<\/p>\n<p class=\"p1\">(iii) tenuto conto del diverso tipo di impresa (se societ\u00e0 di capitali, societ\u00e0 cooperativa, societ\u00e0 di persone o impresa individuale) occorrer\u00e0, inoltre, considerare quanto segue ed eventualmente produrre la documentazione di seguito indicata:<\/p>\n<p class=\"p1\">&#8211; nel caso di impresa costituita nella forma di societ\u00e0 di capitali (societ\u00e0 per azioni, societ\u00e0 a responsabilit\u00e0 limitata e societ\u00e0 in accomandita per azioni) ovvero societ\u00e0 cooperativa e amministrata da un consiglio di amministrazione.<\/p>\n<p class=\"p1\">l\u2019Operazione dovr\u00e0 essere approvata da parte del CdA della soc. firmataria (ovvero dall\u2019assemblea nell\u2019ipotesi in cui sia l\u2019assemblea l\u2019organo competente ai sensi dello statuto) con delibera conforme al modello \u201cVerbale di Consiglio di Amministrazione\u201d, che conferisca i relativi poteri di firma al soggetto legale rappresentante\/rappresentante autorizzato. In tal caso, l\u2019impresa dovr\u00e0 consegnare al Notaio <b>copia <\/b>dell\u2019estratto autentico del verbale della delibera del consiglio di amministrazione ovvero della delibera dell\u2019assemblea nell\u2019ipotesi in cui sia l\u2019assemblea l\u2019organo competente);<\/p>\n<p class=\"p1\"><span class=\"s1\">&#8211; <\/span>nel caso di impresa costituita nella forma di societ\u00e0 di capitali amministrata da un amministratore unico:<\/p>\n<p class=\"p1\">l\u2019amministratore unico dovr\u00e0 sottoscrivere direttamente il Mandato Collettivo o la Procura Speciale per la firma di tutta la documentazione relativa all\u2019Operazione, salvo che l\u2019approvazione dell\u2019Operazione sia di competenza dell\u2019assemblea ai sensi dello statuto.<\/p>\n<p class=\"p1\">In quest\u2019ultimo caso, l\u2019impresa dovr\u00e0 consegnare al Notaio copia dell\u2019estratto autentico del verbale della delibera dell\u2019assemblea conforme al modello \u201cverbale di consiglio di amministrazione\u201d che conferisca i relativi poteri di firma al soggetto legale rappresentante\/rappresentante autorizzato. Nessuna delibera \u00e8 invece richiesta qualora la competenza sia in capo all\u2019amministratore unico e questi abbia tutti i poteri (sia di ordinaria che di straordinaria amministrazione);<\/p>\n<p class=\"p1\">&#8211; nel caso di impresa individuale:<\/p>\n<p class=\"p1\">il titolare dell\u2019impresa dovr\u00e0 sottoscrivere il Mandato Collettivo o la Procura Speciale per la firma di tutta la documentazione relativa alla procedura. In tal caso, nessuna delibera \u00e8 richiesta;<\/p>\n<p class=\"p1\">&#8211; nel caso di impresa costituita nella forma di societ\u00e0 di persone (societ\u00e0 in nome collettivo e societ\u00e0 in accomandita semplice).<\/p>\n<p class=\"p1\">Il soggetto o i soggetti che, in base allo statuto dell\u2019impresa, hanno il potere di amministrazione e rappresentanza della stessa potranno sottoscrivere direttamente il Mandato Collettivo o la Procura Speciale per la firma di tutta la documentazione relativa all\u2019Operazione. In tal caso, nessuna delibera \u00e8 richiesta, salvo l\u2019esistenza di particolari disposizioni contenute nello statuto sociale al riguardo.<\/p>\n<p class=\"p1\">(iv) <b>IMPORTANTE! <\/b>un certificato, <b>in originale<\/b>, <b>emesso non antecedentemente ai 30gg precedenti la firma del Mandato, <\/b>dalla Camera di Commercio con postilla fallimentare (cio\u00e8 contenente l\u2019espressa menzione dell\u2019inesistenza di procedure concorsuali pendenti a carico dell\u2019impresa con riferimento agli ultimi 5 anni) e l\u2019espressa indicazione dei soggetti che hanno l\u2019amministrazione e la rappresentanza dell\u2019impresa; e<\/p>\n<p class=\"p1\">(v) la procura del soggetto che intervenga in qualit\u00e0 di procuratore dei soggetti indicati al precedente paragrafo (iii);<\/p>\n<p class=\"p1\">(vi) nr. 1 fotocopia semplice del documento di identit\u00e0 del Rappresentante.<\/p>\n<p class=\"p1\"><b>Per la sottoscrizione del Mandato Collettivo <\/b>ciascuna impresa firmataria verser\u00e0 direttamente al Notaio l\u2019importo di \u20ac 100,00 (cento\/00), comprensivo di spese per marche da bollo, da apporre a cura del Notaio. Successivamente lo Studio Notarile emetter\u00e0 fattura di pari importo.<\/p>\n<p class=\"p1\"><b>IMPORTANTE: <\/b>La documentazione integrale elencata ai precedenti paragrafi da (i) a (v) del presente punto, dovr\u00e0 essere esibita e consegnata in copia al Notaio ad eccezione dei documenti da presentare in originale come sopra espressamente specificato.<\/p>\n<p class=\"p1\">Nell\u2019ipotesi in cui siano in corso operazioni di carattere straordinario (quali fusioni, trasformazioni, altro), le imprese dovranno altres\u00ec segnalare al Notaio tali situazioni in occasione della consegna della suddetta documentazione, onde consentire al pubblico ufficiale di valutare la necessit\u00e0 che sia necessario fornire informazioni specifiche e\/o aggiuntive.<\/p>\n<p class=\"p1\"><b>NOTA<\/b>: Si rammenta che per procedere alla firma dei mandati collettivi, sar\u00e0 indispensabile essere in regola con il pagamento della quota associativa per l\u2019anno 2022, pertanto vi invitiamo a prendere contatti con la segreteria al seguente indirizzo mail : asfolazio@confcommercioroma.it, per conoscere lo schema di adesione e lo stato effettivo dei pagamenti in essere.<\/p>\n<p class=\"p1\"><b>DOCUMENTAZIONE RICHIESTA PER LA PROCURA SPECIALE <\/b><\/p>\n<p class=\"p1\"><b>QUEST\u2019ANNO LA DOCUMENTAZIONE RELATIVA ALLE PROCURE SPECIALI DOVR\u00c0 ESSERE INVIATA A: <\/b><\/p>\n<p class=\"p1\"><b>STUDIO LEGALE A.O.R. AVV. FAVALE E MARANO <\/b><\/p>\n<p class=\"p1\"><b>VIA SISTINA 48, 00187 ROMA <\/b><\/p>\n<p class=\"p1\"><b>Per informazioni e chiarimenti tecnici le Imprese possono rivolgersi a: <\/b><\/p>\n<p class=\"p1\"><b>AVV. Paolo MARANO e AVV. Antonella FAVALE <\/b><\/p>\n<p class=\"p1\"><b>TEL. 06 69921687 <\/b><\/p>\n<p class=\"p1\"><b>marano@aoerre.com <\/b><\/p>\n<p class=\"p1\"><b>favale@aoerre.com <\/b><\/p>\n<p class=\"p1\">I documenti elencati ai precedenti paragrafi da (i) a (vi) del precedente punto, dovranno essere inviati allo stesso Studio Legale A.O.R. anche dagli EVENTUALI Cessionari <i>pro Soluto<\/i>, Cessionari <i>pro Solvendo <\/i>e dai Mandatari all\u2019Incasso delle Imprese che partecipino al Contratto di Cessione senza rilasciare il Mandato Collettivo o la Procura Speciale.<\/p>\n<p class=\"p1\">Cordiali saluti.<\/p>\n<p class=\"p1\">La Segreteria<\/p>\n<p>[\/et_pb_text][et_pb_button button_url=&#8221;\/wp-content\/uploads\/sites\/2\/2022\/01\/Istruzioni-Cessione-Crediti-22-23.pdf&#8221; url_new_window=&#8221;on&#8221; button_text=&#8221;Scarica documento completo&#8221; button_alignment=&#8221;center&#8221; admin_label=&#8221;Pulsante&#8221; _builder_version=&#8221;4.14.6&#8243; _module_preset=&#8221;default&#8221; custom_button=&#8221;on&#8221; button_text_size=&#8221;13px&#8221; button_bg_use_color_gradient=&#8221;on&#8221; button_bg_color_gradient_start=&#8221;#0f3e6f&#8221; button_bg_color_gradient_end=&#8221;#4e7ec5&#8243; button_bg_color_gradient_direction=&#8221;310deg&#8221; button_border_radius=&#8221;26px&#8221; button_letter_spacing=&#8221;1px&#8221; button_font=&#8221;Nunito Sans|800||on|||||&#8221; button_use_icon=&#8221;off&#8221; background_layout=&#8221;dark&#8221; custom_margin=&#8221;30px||||false|false&#8221; custom_padding=&#8221;15px|30px|15px|30px|false|false&#8221; global_colors_info=&#8221;{}&#8221;][\/et_pb_button][\/et_pb_column][\/et_pb_row][et_pb_row column_structure=&#8221;1_2,1_2&#8243; admin_label=&#8221;Right Sided Image&#8221; _builder_version=&#8221;4.9.4&#8243; max_width=&#8221;100%&#8221; custom_padding=&#8221;|0px||0px|false|false&#8221; locked=&#8221;off&#8221; global_colors_info=&#8221;{}&#8221;][et_pb_column type=&#8221;1_2&#8243; _builder_version=&#8221;3.25&#8243; custom_padding=&#8221;|||&#8221; global_colors_info=&#8221;{}&#8221; custom_padding__hover=&#8221;|||&#8221;][et_pb_toggle title=&#8221;Banca IFIS&#8221; open_toggle_text_color=&#8221;#0f3e6f&#8221; closed_toggle_background_color=&#8221;#0f3e6f&#8221; icon_color=&#8221;#4e7ec5&#8243; open_icon_color=&#8221;#4e7ec5&#8243; _builder_version=&#8221;4.14.7&#8243; _module_preset=&#8221;default&#8221; title_text_color=&#8221;#ffffff&#8221; title_text_align=&#8221;center&#8221; title_font_size=&#8221;18px&#8221; border_radii=&#8221;on|10px|10px|10px|10px&#8221; global_colors_info=&#8221;{}&#8221;]<\/p>\n<p><a href=\"https:\/\/intranet.asfosanita.it\/documenti-intranet\/#:~:text=12658Originale_1.pdf\" target=\"_blank\" rel=\"noopener nofollow\"><br \/>Mandato<br \/><\/a><\/p>\n<p><a href=\"https:\/\/intranet.asfosanita.it\/documenti-intranet\/?upf=dl&amp;id=1373\" target=\"_blank\" rel=\"noopener nofollow\"><br \/>Procura<br \/><\/a><\/p>\n<p><a href=\"https:\/\/intranet.asfosanita.it\/documenti-intranet\/?upf=dl&amp;id=1376\" target=\"_blank\" rel=\"noopener nofollow\"><br \/>Modello Verbale<br \/><\/a><\/p>\n<p>[\/et_pb_toggle][\/et_pb_column][et_pb_column type=&#8221;1_2&#8243; _builder_version=&#8221;3.25&#8243; custom_padding=&#8221;|||&#8221; global_colors_info=&#8221;{}&#8221; custom_padding__hover=&#8221;|||&#8221;][et_pb_toggle title=&#8221;Banca UNICREDIT&#8221; open_toggle_text_color=&#8221;#0f3e6f&#8221; closed_toggle_background_color=&#8221;#0f3e6f&#8221; icon_color=&#8221;#4e7ec5&#8243; open_icon_color=&#8221;#4e7ec5&#8243; _builder_version=&#8221;4.14.7&#8243; _module_preset=&#8221;default&#8221; title_text_color=&#8221;#ffffff&#8221; title_font_size=&#8221;18px&#8221; text_orientation=&#8221;center&#8221; border_radii=&#8221;on|10px|10px|10px|10px&#8221; global_colors_info=&#8221;{}&#8221;]<\/p>\n<p><a href=\"https:\/\/intranet.asfosanita.it\/documenti-intranet\/?upf=dl&amp;id=1378\" target=\"_blank\" rel=\"noopener nofollow\"><br \/>Mandato<br \/><\/a><\/p>\n<p><a href=\"https:\/\/intranet.asfosanita.it\/documenti-intranet\/?upf=dl&amp;id=1377\" target=\"_blank\" rel=\"noopener nofollow\"><br \/>Procura<br \/><\/a><\/p>\n<p><a href=\"https:\/\/intranet.asfosanita.it\/documenti-intranet\/?upf=dl&amp;id=1379\" target=\"_blank\" rel=\"noopener nofollow\"><br \/>Modello Verbale<br \/><\/a><\/p>\n<p>[\/et_pb_toggle][\/et_pb_column][\/et_pb_row][\/et_pb_section]<\/p>\n","protected":false},"excerpt":{"rendered":"<p>Cessione Crediti 2022-&#8217;23 Roma 20.01.2022 A TUTTE LE IMPRESE ASSOCIATE ISTRUZIONI E DOCUMENTAZIONE DA PRODURRE per la sottoscrizione del Mandato con rappresentanza e\/o Procura speciale al presidente di As.F.O. propedeutico alla Cessione pro soluto dei crediti sanitari Lazio 2022-2023. Come per gli anni passati la procedura prevede, alternativamente tra loro, la sottoscrizione da parte delle [&hellip;]<\/p>\n","protected":false},"author":1,"featured_media":0,"parent":0,"menu_order":0,"comment_status":"closed","ping_status":"closed","template":"","meta":{"_et_pb_use_builder":"on","_et_pb_old_content":"","_et_gb_content_width":""},"acf":[],"_links":{"self":[{"href":"https:\/\/lazio.fifosanita.it\/index.php?rest_route=\/wp\/v2\/pages\/242289"}],"collection":[{"href":"https:\/\/lazio.fifosanita.it\/index.php?rest_route=\/wp\/v2\/pages"}],"about":[{"href":"https:\/\/lazio.fifosanita.it\/index.php?rest_route=\/wp\/v2\/types\/page"}],"author":[{"embeddable":true,"href":"https:\/\/lazio.fifosanita.it\/index.php?rest_route=\/wp\/v2\/users\/1"}],"replies":[{"embeddable":true,"href":"https:\/\/lazio.fifosanita.it\/index.php?rest_route=%2Fwp%2Fv2%2Fcomments&post=242289"}],"version-history":[{"count":5,"href":"https:\/\/lazio.fifosanita.it\/index.php?rest_route=\/wp\/v2\/pages\/242289\/revisions"}],"predecessor-version":[{"id":242706,"href":"https:\/\/lazio.fifosanita.it\/index.php?rest_route=\/wp\/v2\/pages\/242289\/revisions\/242706"}],"wp:attachment":[{"href":"https:\/\/lazio.fifosanita.it\/index.php?rest_route=%2Fwp%2Fv2%2Fmedia&parent=242289"}],"curies":[{"name":"wp","href":"https:\/\/api.w.org\/{rel}","templated":true}]}}